ivided by 631.
628
Calculate the remainder when 4382 is divided by 725.
32
Calculate the remainder when 29980 is divided by 176.
60
Calculate the remainder when 3741 is divided by 179.
161
Calculate the remainder when 13276 is divided by 4304.
364
Calculate the remainder when 138470 is divided by 42.
38
Calculate the remainder when 7260 is divided by 2304.
348
What is the remainder when 5119 is divided by 461?
48
Calculate the remainder when 10148 is divided by 89.
2
Calculate the remainder when 64064 is divided by 610.
14
Calculate the remainder when 688872 is divided by 55.
52
Calculate the remainder when 7416 is divided by 3662.
92
What is the remainder when 10658 is divided by 5329?
0
What is the remainder when 238719 is divided by 238717?
2
What is the remainder when 6636 is divided by 6592?
44
What is the remainder when 30045 is divided by 167?
152
Calculate the remainder when 1212838 is divided by 51.
7
Calculate the remainder when 146761 is divided by 13341.
10
Calculate the remainder when 28112 is divided by 2811.
2
Calculate the remainder when 648 is divided by 296.
56
What is the remainder when 155379 is divided by 31049?
134
Calculate the remainder when 31034 is divided by 3878.
10
What is the remainder when 99559 is divided by 7?
5
What is the remainder when 488 is divided by 22?
4
Calculate the remainder when 11943 is divided by 11763.
180
Calculate the remainder when 409 is divided by 142.
125
What is the remainder when 156478 is divided by 20?
18
Calculate the remainder when 15273 is divided by 5.
3
What is the remainder when 497413 is divided by 7772?
5
What is the remainder when 10970 is divided by 237?
68
Calculate the remainder when 10145 is divided by 31.
8
What is the remainder when 3317379 is divided by 170?
169
Calculate the remainder when 1998 is divided by 315.
108
What is the remainder when 64081 is divided by 12814?
11
Calculate the remainder when 6188 is divided by 6188.
0
Calculate the remainder when 150 is divided by 125.
25
What is the remainder when 821460 is divided by 102681?
12
Calculate the remainder when 767554 is divided by 36.
34
Calculate the remainder when 235615 is divided by 296.
295
What is the remainder when 4495 is divided by 676?
439
Calculate the remainder when 513 is divided by 255.
3
Calculate the remainder when 3437124 is divided by 22.
20
Calculate the remainder when 6502 is divided by 112.
6
Calculate the remainder when 8492 is divided by 706.
20
Calculate the remainder when 3986 is divided by 76.
34
What is the remainder when 217652 is divided by 301?
29
What is the remainder when 176908 is divided by 88448?
12
Calculate the remainder when 4554 is divided by 284.
10
Calculate the remainder when 1747 is divided by 436.
3
Calculate the remainder when 8846 is divided by 124.
42
What is the remainder when 43783 is divided by 75?
58
Calculate the remainder when 1051 is divided by 898.
153
What is the remainder when 287029 is divided by 95643?
100
What is the remainder when 490 is divided by 319?
171
Calculate the remainder when 37787 is divided by 12595.
2
Calculate the remainder when 9923 is divided by 6.
5
Calculate the remainder when 1507988 is divided by 11.
9
Calculate the remainder when 1515 is divided by 376.
11
Calculate the remainder when 11499 is divided by 547.
12
What is the remainder when 4007 is divided by 498?
23
Calculate the remainder when 615 is divided by 1.
0
Calculate the remainder when 656876 is divided by 23.
19
What is the remainder when 8100 is divided by 403?
40
What is the remainder when 12087 is divided by 3006?
63
Calculate the remainder when 211718 is divided by 2785.
58
Calculate the remainder when 12168 is divided by 1663.
527
What is the remainder when 6719 is divided by 28?
27
Calculate the remainder when 6974 is divided by 132.
110
What is the remainder when 1372 is divided by 71?
23
What is the remainder when 8490 is divided by 72?
66
Calculate the remainder when 11008 is divided by 2677.
300
What is the remainder when 14671 is divided by 457?
47
What is the remainder when 146808 is divided by 48932?
12
What is the remainder when 29 is divided by 20?
9
Calculate the remainder when 47077 is divided by 95.
52
Calculate the remainder when 7408 is divided by 22.
16
What is the remainder when 13360 is divided by 429?
61
Calculate the remainder when 61364 is divided by 3390.
344
What is the remainder when 4358 is divided by 160?
38
What is the remainder when 14774 is divided by 381?
296
Calculate the remainder when 11991 is divided by 120.
111
Calculate the remainder when 273424 is divided by 17089.
0
Calculate the remainder when 38215 is divided by 68.
67
Calculate the remainder when 12937 is divided by 359.
13
What is the remainder when 29784 is divided by 13?
1
What is the remainder when 15447 is divided by 3827?
139
Calculate the remainder when 295655 is divided by 254.
253
Calculate the remainder when 1222 is divided by 155.
137
What is the remainder when 103103 is divided by 701?
56
What is the remainder when 2708 is divided by 75?
8
Calculate the remainder when 748 is divided by 159.
112
Calculate the remainder when 5114 is divided by 5072.
42
Calculate the remainder when 7255 is divided by 1799.
59
Calculate the remainder when 6867 is divided by 53.
30
Calculate the remainder when 789167 is divided by 10.
7
Calculate the remainder when 193891 is divided by 48470.
11
Calculate the remainder when 44657 is divided by 220.
217
Calculate the remainder when 130137 is divided by 1276.
1261
Calculate the remainder when 3410624 is divided by 25.
24
Calculate the remainder when 65312 is divided by 17.
15
Calculate the remainder when 1850 is divided by 292.
98
Calculate the remainder when 3732 is divided by 599.
138
What is the remainder when 55766 is divided by 608?
438
What is the remainder when 19994 is divided by 224?
58
What is the remainder when 8692 is divided by 106?
0
Calculate the remainder when 974911 is divided by 365.
361
What is the remainder when 185211 is divided by 46300?
11
Calculate the remainder when 1173239 is divided by 871.
2
What is the remainder when 27249 is divided by 580?
569
Calculate the remainder when 43160 is divided by 324.
68
Calculate the remainder when 37728 is divided by 53.
45
Calculate the remainder when 38459 is divided by 52.
31
What is the remainder when 21619 is divided by 223?
211
Calculate the remainder when 17856 is divided by 157.
115
What is the remainder when 13270 is divided by 1724?
1202
What is the remainder when 6175 is divided by 1045?
950
What is the remainder when 2021 is divided by 88?
85
What is the remainder when 31916 is divided by 2455?
1
What is the remainder when 94375 is divided by 715?
710
What is the remainder when 5887 is divided by 579?
97
What is the remainder when 3030 is divided by 1495?
40
Calculate the remainder when 40106 is divided by 210.
206
What is the remainder when 2279699 is divided by 85?
84
Calculate the remainder when 914229 is divided by 24.
21
Calculate the remainder when 6339 is divided by 1574.
43
What is the remainder when 174890 is divided by 1901?
1899
Calculate the remainder when 178164 is divided by 8484.
0
Calculate the remainder when 4858 is divided by 4834.
24
Calculate the remainder when 7784 is divided by 3886.
12
What is the remainder when 248951 is divided by 3074?
3031
Calculate the remainder when 2405 is divided by 1150.
105
What is the remainder when 696930 is divided by 195?
0
What is the remainder when 8733 is divided by 1246?
11
Calculate the remainder when 83876 is divided by 165.
56
What is the remainder when 100712 is divided by 14?
10
Calculate the remainder when 785146 is divided by 10610.
6
What is the remainder when 103486 is divided by 231?
229
Calculate the remainder when 143920 is divided by 147.
7
What is the remainder when 5891 is divided by 192?
131
Calculate the remainder when 189443 is divided by 12.
11
What is the remainder when 1396 is divided by 460?
16
What is the remainder when 2486532 is divided by 5?
2
What is the remainder when 227817 is divided by 168?
9
What is the remainder when 4117 is divided by 684?
13
Calculate the remainder when 225627 is divided by 225618.
9
What is the remainder when 100614 is divided by 1798?
1724
What is the